t common divisor of 175 and o?
7
Let b = -15 - -34. Let w be 3 - ((-162)/(-1))/(-3). What is the highest common factor of b and w?
19
Let c(g) = g**3 + 9*g**2 + 7*g - 3. Let h be 14/(-2) + -1 + 0. Let k be c(h). Suppose -1 = -k*d + 4. Calculate the highest common divisor of 4 and d.
1
Let s = 791 - 739. What is the highest common divisor of s and 26?
26
Suppose 2*a + 2*a = -4. Let h(g) = -2*g. Let c be h(a). Suppose 4*y + 24 = -22*q + 27*q, 5*y = -4*q + 11. What is the highest common factor of c and q?
2
Suppose -2*q = q - 21. Suppose 4*b + 2*v - q*v - 31 = 0, -4*v - 32 = -4*b. Let t = b - 1. What is the greatest common divisor of t and 8?
8
Let z be -2 - (0 - 5)/1. Suppose 0 = -z*y + 35 - 11. Let g = 7 - 5. What is the greatest common divisor of g and y?
2
Let o be 135/12 + 3 - (-9)/12. Calculate the greatest common factor of o and 15.
15
Let p(a) = 30*a - 22. Let k be p(27). Suppose -k = 4*l - 2724. What is the greatest common divisor of 44 and l?
44
Suppose f = 5*j + 55 + 2, 0 = 2*f - j - 87. Let r be 13/(-65) - (0 - 212/10). Calculate the highest common factor of r and f.
21
Let q be 3 + 3/(0 - -1). Let w be q/21 + 159/7. Let z = w + 2. Calculate the greatest common factor of z and 5.
5
Suppose 123 - 43 = 4*f. Let q be ((-64)/20)/((-2)/5). Let a be 1762/q - 4/16. What is the highest common divisor of f and a?
20
Suppose 9*z - 15 = 12. Suppose 4*r = r + 3. Let c be (-6*1/(-2))/r. Calculate the greatest common divisor of z and c.
3
Suppose 5*t - 10 = 2*u, u - 4*u - 15 = -t. Let p be 1/8 + (11500/(-32))/u. What is the greatest common divisor of 180 and p?
36
Let i be 12/(-9)*3/(-2). Suppose -23 + 61 = 3*z + j, -2*j = -z + 15. Suppose -4*n + z = -11. What is the highest common factor of n and i?
2
Let l be 217*(-12)/(-14)*(-2)/(-18)*3. Suppose -4*d + t = 4*t - 2743, 2*d + 5*t = 1389. Calculate the greatest common divisor of l and d.
62
Suppose -3*i - 90 = -0*h - h, -4*i = 2*h + 130. Let w = i - -71. Let n be -9*(146/(-198) - (-246)/1353). Calculate the highest common divisor of w and n.
5
Let c(t) = 6*t - 6. Let z(w) = -1. Let d(s) = c(s) - 8*z(s). Let h be d(15). Calculate the highest common factor of 138 and h.
46
Let p be (464 - 1 - -1)*(-16)/(-32). What is the highest common divisor of 29 and p?
29
Suppose 2*x - 5 = 23. Let w = 126 - 56. Calculate the highest common divisor of x and w.
14
Suppose 40 = 4*y + 2*s, -5*y - 4*s - 40 = -7*y. Calculate the highest common divisor of 1116 and y.
12
Suppose -4 - 6 = 2*h, -5*h = -5*a + 40. Suppose -a*z = 39 + 39. Let q = z - -39. Calculate the highest common divisor of q and 13.
13
Suppose -15 = 4*u - 11, 2*u + 20 = 2*x. Let j be 36 + (0 + -1 - -1). Calculate the greatest common factor of x and j.
9
Let z(y) = y + 2 + 3 + 3*y**2 + 5*y. Let k be z(-4). Suppose c = 3, 0*c = p + 3*c - k. Calculate the highest common factor of 4 and p.
4
Let r = -3104 - -3208. Let k be (-1 - -1 - -12) + 1. What is the greatest common factor of r and k?
13
Let v = 10 + -35. Let i(m) = m**2 + 24*m - 13. Let x be i(v). Calculate the highest common factor of 30 and x.
6
Suppose -2*j = 2*u - 24, 2*u + j + 8 = 28. Let d(p) = 72*p - 636. Let b be d(9). What is the greatest common factor of u and b?
4
Let r(d) = -51*d - 359. Let c be r(-9). What is the greatest common factor of 40 and c?
20
Suppose 3*k + 4*i = 22, k - 6*k + i = -6. Suppose -4*m + 54 = k*c, 0 = -4*m + 4*c - 7*c + 49. Calculate the highest common divisor of 80 and m.
16
Suppose 0 = 3*q - 5*q + 4. Let g(j) = 2*j**2 - j + 2. Suppose -5*v = -4 - 6. Let i be g(v). What is the highest common divisor of q and i?
2
Let m = -6 - -8. Suppose -5 = m*f - 9. Suppose -b - 1 = 0, -2*z + 0*z + f*b = -50. Calculate the highest common divisor of z and 60.
12
Let o(y) = -y**3 - 7*y**2 - 2*y + 9. Let x be o(-7). Suppose 4*f - 8*f + 368 = 0. Calculate the greatest common factor of x and f.
23
Let i = -301 + 468. Let s = -147 + i. What is the greatest common factor of 110 and s?
10
Suppose 0 = -82*b + 100*b - 216. Calculate the greatest common divisor of b and 1644.
12
Let o = 7 - 1. Let j(z) = z**2 - z + 10. Let w be j(-7). What is the greatest common divisor of w and o?
6
Suppose -5*d = -5*h - 760, 3*d + h - 760 = -2*d. What is the greatest common factor of 16 and d?
8
Let r(z) = 3*z**3 - 10*z**2 + 13*z + 5. Let m be r(5). What is the greatest common divisor of 117 and m?
39
Let o(k) = 669*k + 4061. Let f be o(-6). Let m be 140 + 1 + -2 + 2. What is the highest common factor of m and f?
47
Suppose 3*d - 2*n = 59, -15*d + 29 = -14*d + 4*n. What is the greatest common factor of 182 and d?
7
Suppose 4*l + l - 10 = -3*d, -20 = -3*d + 5*l. Calculate the greatest common factor of 45 and d.
5
Let o be 62/6 - 16/(-96)*-2. Calculate the highest common divisor of o and 890.
10
Let h = -53 + 80. Suppose 0 = -11*n + 2*n + 162. What is the highest common divisor of n and h?
9
Let v be -2 - 1/1 - 21. Suppose 7*b = 2*b - 170. Let w = v - b. Calculate the highest common divisor of 50 and w.
10
Let s be ((-1)/1 - -4) + 2. Let o be 24/9*(s - -19). Calculate the highest common factor of o and 16.
16
Suppose 0 = 3*c - 4*f - 8 - 18, -4*f = 5*c + 10. Let z be 2 + 264 - (c + 0). Let x be ((-24)/10)/((-2)/20). Calculate the highest common factor of x and z.
24
Suppose 0*n = f + 4*n - 40, 0 = 3*n. Let c be 2168/36 - 4/18. What is the greatest common factor of f and c?
20
Let c = -5995 - -6315. Let a = 109 - 69. What is the highest common divisor of a and c?
40
Suppose -55*v - 3318 = -62*v. Calculate the greatest common factor of v and 6.
6
Suppose 0 = -0*y - 5*y + m - 89, -87 = 5*y - 3*m. Let j be (-1264)/y + 4/(-18). Let z = -50 + j. What is the greatest common divisor of 5 and z?
5
Suppose 15*k = 13*k - 12. Let t = 13 + k. What is the highest common factor of 28 and t?
7
Let j(x) = x**2 - x. Let y be j(2). Suppose 0 = 2*n + 2*u, 2*n - y*u + 5 = 5*n. Let m = 100 + -95. What is the greatest common divisor of n and m?
5
Let o(b) = -b**2 + 9*b - 14. Let g be o(4). Calculate the greatest common factor of 12 and g.
6
Let y = -8649 + 8661. Suppose -g + 2*l + 1 = -2, 2*g - 2*l - 6 = 0. Suppose 8 = -g*r - r, -3*m = -r - 38. What is the greatest common divisor of y and m?
12
Let q(j) = 302*j + 1851. Let x be q(-6). Suppose 0 = -5*m + m + 104. What is the greatest common divisor of m and x?
13
Let n(d) = 3*d**2 + 67*d + 61. Let x be n(-25). What is the highest common factor of x and 36?
9
Let g = -1171 - -1173. Calculate the greatest common factor of g and 254.
2
Suppose 4 = r, 2*r - r - 344 = -2*w. Let g = w - 80. Suppose -2*c + 10 = -10. Calculate the greatest common divisor of c and g.
10
Let r be 225/7 - 3/21. Suppose 1 = w - r. Let o be (-1)/(-4) + (-87)/(-4). Calculate the highest common divisor of o and w.
11
Suppose 0*w + 112 = w. What is the highest common divisor of w and 308?
28
Let d be ((-5)/(-10) - 1)*(-2)/(-1). Let v be (6/(-9))/(d/6). Calculate the highest common factor of 44 and v.
4
Suppose -3*z + 138 + 282 = -3*i, -4*z + 539 = 3*i. Calculate the highest common factor of 685 and z.
137
Suppose -4 = 3*r - 7*r. Let u(c) = 37*c - 1033. Let o be u(28). Calculate the greatest common factor of r and o.
1
Let g be 63*3 - ((-2)/(-2))/(-1). Let p = 309 - g. Calculate the greatest common factor of p and 34.
17
Let n(z) = 2*z**2 + 8*z + 5. Let b be n(-5). What is the highest common factor of 120 and b?
15
Suppose 3*o - 4*o = 3*d + 14, 5*d + 30 = -3*o. Let g = o + 27. Calculate the greatest common factor of 11 and g.
11
Suppose 0 = -4*v - 5*a + 12 + 92, -2*a = 0. Calculate the greatest common divisor of 130 and v.
26
Suppose 24*g - 1638 = 3*g. What is the greatest common factor of 6 and g?
6
Suppose 75 - 81 = -m. What is the highest common factor of m and 22?
2
Let d(w) = w**3 + 11*w**2 + 12*w + 25. Let u be d(-10). Calculate the highest common divisor of 9 and u.
1
Suppose 0 = 14*l - 1067 + 87. Calculate the highest common divisor of 175 and l.
35
Suppose -22 = -3*a - 3*c + 596, 4 = -2*c. Calculate the highest common factor of 16 and a.
16
Let r = -8 - -11. Suppose -4*h - 5*f + 14 + 10 = 0, -r*h - 3*f + 18 = 0. Let m = -3 + 5. What is the highest common divisor of m and h?
2
Suppose -5*l - 315 = -4*g, -155 = -2*g - 0*g + 5*l. Suppose -6*a + a = -60. Let w = a - 2. Calculate the highest common factor of w